365 is divided by 150.
15
What is the remainder when 4463 is divided by 140?
123
What is the remainder when 539433 is divided by 1454?
1453
What is the remainder when 35502 is divided by 252?
222
Calculate the remainder when 7259 is divided by 3587.
85
What is the remainder when 3467 is divided by 65?
22
Calculate the remainder when 54654 is divided by 378.
222
Calculate the remainder when 18102 is divided by 292.
290
Calculate the remainder when 5148 is divided by 2569.
10
What is the remainder when 107181 is divided by 88?
85
What is the remainder when 3513 is divided by 1139?
96
Calculate the remainder when 1028 is divided by 103.
101
Calculate the remainder when 5573 is divided by 5570.
3
Calculate the remainder when 123649 is divided by 232.
225
What is the remainder when 1869 is divided by 14?
7
Calculate the remainder when 2678 is divided by 161.
102
Calculate the remainder when 96799 is divided by 242.
241
What is the remainder when 7374527 is divided by 386?
383
Calculate the remainder when 398 is divided by 80.
78
Calculate the remainder when 886 is divided by 74.
72
What is the remainder when 6382 is divided by 354?
10
What is the remainder when 15965 is divided by 72?
53
What is the remainder when 10329 is divided by 414?
393
What is the remainder when 151961 is divided by 731?
644
Calculate the remainder when 4369 is divided by 156.
1
What is the remainder when 15150 is divided by 1147?
239
What is the remainder when 296304 is divided by 17?
11
Calculate the remainder when 753 is divided by 199.
156
Calculate the remainder when 3512653 is divided by 4.
1
Calculate the remainder when 3364 is divided by 757.
336
What is the remainder when 5308 is divided by 764?
724
Calculate the remainder when 98017 is divided by 16335.
7
Calculate the remainder when 920 is divided by 91.
10
Calculate the remainder when 124104 is divided by 108.
12
What is the remainder when 2846170 is divided by 11?
8
What is the remainder when 291 is divided by 90?
21
Calculate the remainder when 88232 is divided by 231.
221
Calculate the remainder when 17273 is divided by 1255.
958
Calculate the remainder when 62698 is divided by 402.
388
What is the remainder when 15827 is divided by 15818?
9
Calculate the remainder when 12664 is divided by 92.
60
Calculate the remainder when 14463 is divided by 2065.
8
What is the remainder when 226353 is divided by 113175?
3
Calculate the remainder when 57569 is divided by 286.
83
What is the remainder when 86736 is divided by 20?
16
What is the remainder when 13388 is divided by 3347?
0
Calculate the remainder when 340304 is divided by 995.
14
What is the remainder when 8412 is divided by 764?
8
Calculate the remainder when 104130 is divided by 10.
0
Calculate the remainder when 166 is divided by 83.
0
Calculate the remainder when 9370 is divided by 1429.
796
Calculate the remainder when 148731 is divided by 74294.
143
What is the remainder when 22073 is divided by 22071?
2
What is the remainder when 179243 is divided by 106?
103
What is the remainder when 86124 is divided by 656?
188
Calculate the remainder when 48818 is divided by 264.
242
Calculate the remainder when 874 is divided by 415.
44
Calculate the remainder when 487842 is divided by 1862.
1860
Calculate the remainder when 1430676 is divided by 188.
184
What is the remainder when 130787 is divided by 530?
407
Calculate the remainder when 242711 is divided by 8.
7
What is the remainder when 171122 is divided by 3355?
17
Calculate the remainder when 12568 is divided by 462.
94
What is the remainder when 12249 is divided by 22?
17
What is the remainder when 5426 is divided by 1078?
36
Calculate the remainder when 6066731 is divided by 28.
27
Calculate the remainder when 4417693 is divided by 417.
412
Calculate the remainder when 1902 is divided by 441.
138
What is the remainder when 195702 is divided by 51?
15
What is the remainder when 224896 is divided by 22486?
36
What is the remainder when 456956 is divided by 987?
962
What is the remainder when 25397 is divided by 12697?
3
Calculate the remainder when 3671 is divided by 306.
305
What is the remainder when 153932 is divided by 1175?
7
What is the remainder when 166645 is divided by 1488?
1477
What is the remainder when 14345 is divided by 595?
65
Calculate the remainder when 10359 is divided by 3422.
93
Calculate the remainder when 1894 is divided by 81.
31
What is the remainder when 5626 is divided by 1866?
28
What is the remainder when 13164 is divided by 137?
12
What is the remainder when 8540 is divided by 73?
72
Calculate the remainder when 101988 is divided by 217.
215
Calculate the remainder when 28848 is divided by 490.
428
Calculate the remainder when 363 is divided by 334.
29
What is the remainder when 23012 is divided by 70?
52
Calculate the remainder when 4161 is divided by 2076.
9
What is the remainder when 273964 is divided by 4280?
44
Calculate the remainder when 240927 is divided by 9.
6
Calculate the remainder when 148321 is divided by 21.
19
What is the remainder when 3162 is divided by 630?
12
Calculate the remainder when 73706 is divided by 315.
311
What is the remainder when 42933 is divided by 361?
335
What is the remainder when 5864 is divided by 416?
40
What is the remainder when 6040 is divided by 1665?
1045
What is the remainder when 7521 is divided by 6817?
704
What is the remainder when 4073 is divided by 26?
17
What is the remainder when 9640 is divided by 2410?
0
Calculate the remainder when 2099075 is divided by 28.
27
What is the remainder when 378875 is divided by 69?
65
Calculate the remainder when 1579934 is divided by 615.
614
Calculate the remainder when 159694 is divided by 16.
14
What is the remainder when 8084 is divided by 2686?
26
Calculate the remainder when 12733 is divided by 1146.
127
Calculate the remainder when 68915 is divided by 348.
11
Calculate the remainder when 18153 is divided by 75.
3
What is the remainder when 49697 is divided by 507?
11
Calculate the remainder when 743883 is divided by 117.
114
Calculate the remainder when 216270 is divided by 42.
12
Calculate the remainder when 725326 is divided by 36.
34
Calculate the remainder when 6960 is divided by 632.
8
What is the remainder when 510503 is divided by 3?
2
Calculate the remainder when 2379 is divided by 773.
60
Calculate the remainder when 142320 is divided by 107.
10
Calculate the remainder when 9969 is divided by 12.
9
What is the remainder when 3082 is divided by 776?
754
What is the remainder when 1115 is divided by 284?
263
What is the remainder when 10526 is divided by 1035?
176
What is the remainder when 279521 is divided by 203?
193
Calculate the remainder when 84126 is divided by 10515.
6
Calculate the remainder when 6701 is divided by 263.
126
What is the remainder when 30675 is divided by 11?
7
What is the remainder when 12969 is divided by 8?
1
Calculate the remainder when 28288 is divided by 1571.
10
Calculate the remainder when 2776 is divided by 82.
70
What is the remainder when 554490 is divided by 861?
6
What is the remainder when 20241 is divided by 10110?
21
What is the remainder when 17600 is divided by 314?
16
Calculate the remainder when 117174 is divided by 25.
24
What is the remainder when 599198 is divided by 24?
14
Calculate the remainder when 87814 is divided by 166.
0
What is the remainder when 40272 is divided by 2366?
50
Calculate the remainder when 8918 is divided by 372.
362
Calculate the remainder when 284884 is divided by 98.
96
What is the remainder when 6523 is divided by 4336?
2187
Calculate the remainder when 202135 is divided by 112.
87
Calculate the remainder when 15915 is divided by 936.
3
Calculate the remainder when 1435 is divided by 312.
187
What is the remainder when 600268 is divided by 170?
168
Calculate the remainder when 7540 is divided by 195.
130
What is the remainder when 3529 is divided by 41?
3
What is the remainder when 438233 is divided by 438212?
21
What is the remainder when 166071 is divided by 47?
20
What is the remainder when 6973 is divided by 1392?
13
Calculate the remainder when 531435 is divided by 968.
3
What is the remainder when 1049530 is divided by 22?
20
Calculate the remainder when 41002 is divided by 30.
22
What is the rem